f(-4). Let o(z) = z**3 + 6*z**2 + 6*z + 6. Let u be o(s). Suppose 0 = -0*q + q - u. What is the units digit of q?
1
Let r = 7 + -5. Suppose 0 = r*s - 2*l - 2 - 2, 0 = -4*s + 5*l + 8. Let m(b) = 3*b**2 + 3*b - 3. What is the units digit of m(s)?
5
Suppose -4 = 2*w - 2*y, 7 = 4*y - 1. Suppose 0 = -4*s - w - 8. What is the units digit of (-125)/(-15) - s/(-6)?
8
Let x = 9 + -7. Let g(z) = 0*z - 2*z**3 - 1 + 9*z**x - 11*z + 3*z**3 - 3. What is the units digit of g(-10)?
6
Let h(n) = n + 17. Let i(v) = -v**2 - 3*v + 3. Let m be i(2). What is the units digit of h(m)?
0
Let h(b) be the third derivative of 0 + 1/60*b**5 + 1/24*b**4 + 0*b + b**3 - b**2. What is the units digit of h(0)?
6
Let p be 58 - 1 - (-1)/1. Suppose -4*w = -6*w + p. What is the units digit of w?
9
Suppose -2*a + m = -110, m = -0*m. What is the units digit of a?
5
Suppose w - 68 = -4*k, -3*w = k - 71 - 122. What is the tens digit of w?
6
What is the units digit of 7/(-6)*-15*2?
5
Suppose -41 + 191 = 3*a. Suppose 4*n = 2*n + 12. Suppose n*m = m + a. What is the units digit of m?
0
Let t be 9/(-4 + 1)*-1. Suppose t*a - 2*g - 38 = 4, 4*g - 28 = -2*a. What is the tens digit of a?
1
What is the hundreds digit of 4 + 0 - (-1332)/12?
1
Let f = 23 - 8. Let r be (-3)/(-6) + 20/8. Let s = f + r. What is the tens digit of s?
1
Suppose 1 = -s + c, -3*s - 7 = 2*s - 4*c. Let i(a) = a + 3. Let o be i(s). Suppose 4 = b - o*b. What is the units digit of b?
4
Let q = -11 - -15. Suppose -5*p + 10 = -2*u, -4*u - p = -3*p + q. Let t = 5 - u. What is the units digit of t?
5
Let a(g) = -g**2 + 8*g - 6. Let n = 3 + 2. What is the units digit of a(n)?
9
Suppose g - 6*g - a = -5, g - 3*a = 17. Let y(h) = -2*h + 5*h - 4*h + g. What is the units digit of y(1)?
1
Suppose -h - 2*h = -2*i + 2, 0 = -3*h + 3*i - 3. Suppose 3*t - 24 = -h*t. What is the units digit of t?
8
Let k(x) = -41*x**2 + 2*x - 1. Let d be k(1). Let u = d + 57. What is the tens digit of u?
1
What is the tens digit of (-125)/(-7) + 1/7?
1
Suppose 2*v + 2*v = -12. Let w = v - -3. Suppose -3*s = -5*c - 8*s + 55, c - s - 3 = w. What is the units digit of c?
7
Suppose 2*o - 2*k - 414 = 2*k, -2*k + 420 = 2*o. What is the units digit of o?
9
Suppose 2*w + 3*m = 41, 36 = -2*w + 4*w + 2*m. Suppose 15 = 3*o, -2*f - 175 = -7*f - 5*o. Let v = f - w. What is the tens digit of v?
1
Let n(x) = -8*x + 1. Let v be n(3). Let k = v - -32. Suppose -k = -2*p + 11. What is the units digit of p?
0
Suppose 8*d - 3645 = -d. What is the units digit of d?
5
What is the hundreds digit of (-244)/(-5)*(-40)/(-16)?
1
Let v(a) = 95*a - 2. What is the units digit of v(2)?
8
Let b(v) = -v + 35. What is the tens digit of b(0)?
3
Suppose 0 = 4*t - 5 - 19. What is the units digit of 3/t - 1/(-2)?
1
Suppose -4*a + 28 = 2*u, -3*a = -5*u - 4 - 4. Suppose n - 62 = -a. What is the tens digit of n?
5
Let m be (2/1 + 275)*2. What is the units digit of 18/(-45) - m/(-10)?
5
Let n(m) = -m**3 + 2*m**2 + 2. Let i be n(3). What is the units digit of (-114)/(-5) - i/35?
3
Let f(d) = -5*d**2 + 6*d - 9. Let o(c) = -c**2 + c - 1. Let g(p) = -2*p + 12. Let b be g(9). Let t(a) = b*o(a) + f(a). What is the units digit of t(3)?
6
What is the tens digit of (2 - -3)*((-444)/(-20) + 0)?
1
Let g(n) = n + 1. Suppose -6 = 5*p - 2*u - 27, 3*p + u - 17 = 0. Suppose 6 = p*q - 4. What is the units digit of g(q)?
3
What is the units digit of (-10)/14 + (-24)/84 + 32?
1
Let m = -8 - -8. Suppose m = 2*t + t - 12. Suppose 0 = 5*j + t*h - 64, 4*h - 7 = -2*j + 21. What is the units digit of j?
2
Let s = 250 - 72. What is the hundreds digit of s?
1
Let a = -33 - -92. What is the tens digit of a?
5
Let a = 29 - 26. What is the units digit of a?
3
Let u = 46 - -7. What is the tens digit of u?
5
Let u = 21 + -3. What is the tens digit of 0 + 8 + u/6?
1
Suppose 0*p = -2*p - 20. Let t = 19 + p. What is the units digit of 15*(2 - 15/t)?
5
Let b(h) = 10*h**2 - 9*h - 5. What is the hundreds digit of b(5)?
2
Let t(y) = -y - 10. Let a be t(5). Let s = a - -17. What is the units digit of s?
2
Let h = 135 + -103. What is the tens digit of h?
3
Let a be (0 - -2)*(-65)/(-10). Suppose 2*q - a = 7. What is the tens digit of q?
1
Let f = 3 + 18. What is the units digit of f?
1
Let r = -2 + 5. Suppose 2 = g - r. Suppose -g + 1 = -2*p. What is the units digit of p?
2
Let s = 8 - 3. Let m be (-8)/(-10)*(9 + -4). Suppose m = s*w - w. What is the units digit of w?
1
Let h = -107 + 220. Suppose 0 = 2*w + 7 - h. Suppose -w + 8 = -5*a. What is the units digit of a?
9
Suppose -2*k - 2 = -3*k. Suppose 3*u + 3*t - 61 = k*t, -u = 2*t - 27. Let p = -12 + u. What is the units digit of p?
7
Suppose 3*m - 25 = 5*o, -4*m + 3*o + 18 = -8. Suppose -m*t + 16 = -4. Suppose t*c - 6 = c. What is the units digit of c?
2
Suppose 0 = 5*r - 0 - 20. What is the units digit of r?
4
Let q be 290/4*6/3. Let b = -100 + q. What is the units digit of b?
5
What is the tens digit of 227/2*(1 + 1)?
2
Let k = 8 + -5. Suppose 0 = k*h - d - 13, 2*h - h + 4*d = 13. Suppose -h*l - 15 = -65. What is the tens digit of l?
1
Let p = 6 + 0. Suppose 4*f - p = 22. What is the units digit of f?
7
Let s(v) = v + 2. Let b be s(3). Let g be 1 + -2 + 0 + b. Let h = -2 + g. What is the units digit of h?
2
Let u be (6 - (-6)/(-3))*21. Let z = -60 + u. Let j = z + -16. What is the units digit of j?
8
Let r(d) = 0*d - 7 + 9*d + d**3 - 10*d**2 - 2 + 3*d**2. What is the units digit of r(6)?
9
Let d(m) = m**2 - 5*m - 11. Suppose 9 = 2*b - 7. What is the tens digit of d(b)?
1
Let d = -1 - -3. Suppose 12 = -0*f + d*f. Suppose -2*x + k = -11, 3*x + f*k = 2*k + 11. What is the units digit of x?
5
Let c = -4 + 22. Suppose -5*n + c = -j, -3*j - 2*n + 41 = 2*n. What is the units digit of (-58)/(-4) - j/14?
4
Let o(a) = -a**3 - 8*a**2 + 12*a + 15. What is the tens digit of o(-10)?
9
Let h(n) = -n**3 - 8*n**2 - n - 3. Let z be h(-8). Suppose z*g - 1 = 39. What is the units digit of g?
8
Let b(a) = -a**2 + 12*a - 11. Let y(r) = 2 - 13*r - 10*r + 2*r**2 + 19. Let m(h) = -7*b(h) - 4*y(h). What is the units digit of m(5)?
8
Let t be 1*14*3/6. Suppose -2*u = -35 + t. What is the units digit of u?
4
Suppose -843 = -12*p - 279. What is the tens digit of p?
4
Let r = -8 + 11. Suppose h = r*h, 0 = -5*t + 2*h + 20. What is the units digit of t?
4
What is the tens digit of (21*(-12)/(-27))/(4/18)?
4
Let z(q) = 16*q + 15. What is the hundreds digit of z(6)?
1
Suppose -2*w + 12 = w. Let f be (0 - 1) + w + 1. Suppose u + 4*v - 7 = 7*v, u = -f*v. What is the units digit of u?
4
Let z(x) = -x**3 - 6*x**2 - 3*x + 5. Let v be z(-5). Let w(n) = -3*n - 3. What is the tens digit of w(v)?
1
Suppose -8*o = 3*o - 539. Let f(j) = j**2 - 5*j - 3. Let z be f(6). Suppose 5*n - a - o = -0*a, -z*n - a + 31 = 0. What is the tens digit of n?
1
Let a be (28/(-3))/((-2)/6). Let v = 50 - a. What is the tens digit of v?
2
Let o(b) = b**3 + b**2 - 2*b - 2. What is the tens digit of o(3)?
2
Suppose 2*b = -2*j + 84, 2*j + 0*j - 4*b - 72 = 0. What is the units digit of j?
0
Let t = -60 + 119. What is the tens digit of t?
5
Suppose -5*b = 3*o - 161, -2*o + 5*o - 145 = -b. What is the units digit of o?
7
Suppose 0 = 2*q - 2, 3*m + 4*q = -3 + 55. What is the units digit of m?
6
Let m = -350 + 683. What is the tens digit of m?
3
Let u(j) = -j**3 - j + 1. Let a(h) = -9*h**3 + 2*h**2 + 5*h - 6. Let l(v) = -a(v) - 5*u(v). Let d be 9/11 - 10/(-55). What is the units digit of l(d)?
3
Let c(q) = -2*q. Let v be c(1). Let m = v - -6. Let g = 11 - m. What is the units digit of g?
7
Let x(h) = 9*h. Let l be x(-1). Let y(a) be the second derivative of -a**3/6 + a**2/2 - 7*a. What is the units digit of y(l)?
0
Suppose 0 = 5*g - g + 40. Let r = g - -2. Let m = r + 15. What is the units digit of m?
7
Let c be (-24)/(-3)*(1 + 0). Suppose 0 = -5*i + c*i - 45. What is the tens digit of i?
1
Let o(k) be the second derivative of -k**5/20 - k**4 - 13*k**3/6 + 3*k**2/2 + 7*k. What is the tens digit of o(-11)?
2
Let n(l) = -2*l**3 - 2*l**2 + 2*l + 2. Let m(j) = j**3 - j**2 + 1. Let w(g) = -3*m(g) - n(g). Let t be (-2)/(-8) - (-60)/16. What is the units digit of w(t)?
3
Let i(f) = 2*f - 1. Let a be i(-7). Let b be (-23)/(-5) - 6/a. Suppose -b*d + 79 = 9. What is the units digit of d?
4
Let b be 68/2 - (1 - -1). Suppose 4*r = -0*r + b. Let h = -5 + r. What is the